{"id":115,"date":"2026-03-05T12:14:01","date_gmt":"2026-03-05T11:14:01","guid":{"rendered":"https:\/\/www.avecvouspourvous.org\/?page_id=115"},"modified":"2026-03-12T20:55:54","modified_gmt":"2026-03-12T19:55:54","slug":"promesse","status":"publish","type":"page","link":"https:\/\/www.avecvouspourvous.org\/?page_id=115","title":{"rendered":"Promesse"},"content":{"rendered":"\n<h2 class=\"wp-block-heading\">Notre promesse<\/h2>\n\n\n\n<figure class=\"wp-block-image size-large\"><img loading=\"lazy\" decoding=\"async\" width=\"724\" height=\"1024\" src=\"https:\/\/www.avecvouspourvous.org\/wp-content\/uploads\/2026\/03\/1-724x1024.png\" alt=\"\" class=\"wp-image-107\" srcset=\"https:\/\/www.avecvouspourvous.org\/wp-content\/uploads\/2026\/03\/1-724x1024.png 724w, https:\/\/www.avecvouspourvous.org\/wp-content\/uploads\/2026\/03\/1-212x300.png 212w, https:\/\/www.avecvouspourvous.org\/wp-content\/uploads\/2026\/03\/1-768x1086.png 768w, https:\/\/www.avecvouspourvous.org\/wp-content\/uploads\/2026\/03\/1-1086x1536.png 1086w, https:\/\/www.avecvouspourvous.org\/wp-content\/uploads\/2026\/03\/1.png 1414w\" sizes=\"auto, (max-width: 724px) 100vw, 724px\" \/><\/figure>\n\n\n\n<hr class=\"wp-block-separator has-alpha-channel-opacity\"\/>\n\n\n\n<figure class=\"wp-block-image size-large\"><img loading=\"lazy\" decoding=\"async\" width=\"724\" height=\"1024\" src=\"https:\/\/www.avecvouspourvous.org\/wp-content\/uploads\/2026\/03\/2-724x1024.png\" alt=\"\" class=\"wp-image-108\" srcset=\"https:\/\/www.avecvouspourvous.org\/wp-content\/uploads\/2026\/03\/2-724x1024.png 724w, https:\/\/www.avecvouspourvous.org\/wp-content\/uploads\/2026\/03\/2-212x300.png 212w, https:\/\/www.avecvouspourvous.org\/wp-content\/uploads\/2026\/03\/2-768x1086.png 768w, https:\/\/www.avecvouspourvous.org\/wp-content\/uploads\/2026\/03\/2-1086x1536.png 1086w, https:\/\/www.avecvouspourvous.org\/wp-content\/uploads\/2026\/03\/2.png 1414w\" sizes=\"auto, (max-width: 724px) 100vw, 724px\" \/><\/figure>\n\n\n\n<hr class=\"wp-block-separator has-alpha-channel-opacity\"\/>\n\n\n\n<figure class=\"wp-block-image size-large\"><img loading=\"lazy\" decoding=\"async\" width=\"724\" height=\"1024\" src=\"https:\/\/www.avecvouspourvous.org\/wp-content\/uploads\/2026\/03\/3-724x1024.png\" alt=\"\" class=\"wp-image-109\" srcset=\"https:\/\/www.avecvouspourvous.org\/wp-content\/uploads\/2026\/03\/3-724x1024.png 724w, https:\/\/www.avecvouspourvous.org\/wp-content\/uploads\/2026\/03\/3-212x300.png 212w, https:\/\/www.avecvouspourvous.org\/wp-content\/uploads\/2026\/03\/3-768x1086.png 768w, https:\/\/www.avecvouspourvous.org\/wp-content\/uploads\/2026\/03\/3-1086x1536.png 1086w, https:\/\/www.avecvouspourvous.org\/wp-content\/uploads\/2026\/03\/3.png 1414w\" sizes=\"auto, (max-width: 724px) 100vw, 724px\" \/><\/figure>\n\n\n\n<hr class=\"wp-block-separator has-alpha-channel-opacity\"\/>\n\n\n\n<figure class=\"wp-block-image size-large\"><a href=\"https:\/\/www.avecvouspourvous.org\/?page_id=79\"><img loading=\"lazy\" decoding=\"async\" width=\"1414\" height=\"2000\" src=\"https:\/\/www.avecvouspourvous.org\/wp-content\/uploads\/2026\/03\/4-724x1024.png\" alt=\"\" class=\"wp-image-110\" srcset=\"https:\/\/www.avecvouspourvous.org\/wp-content\/uploads\/2026\/03\/4-724x1024.png 724w, https:\/\/www.avecvouspourvous.org\/wp-content\/uploads\/2026\/03\/4-212x300.png 212w, https:\/\/www.avecvouspourvous.org\/wp-content\/uploads\/2026\/03\/4-768x1086.png 768w, https:\/\/www.avecvouspourvous.org\/wp-content\/uploads\/2026\/03\/4-1086x1536.png 1086w, https:\/\/www.avecvouspourvous.org\/wp-content\/uploads\/2026\/03\/4.png 1414w\" sizes=\"auto, (max-width: 1414px) 100vw, 1414px\" \/><\/a><\/figure>\n\n\n\n<hr class=\"wp-block-separator has-alpha-channel-opacity\"\/>\n\n\n\n<h2 class=\"wp-block-heading\">Vos attentes &amp; nos propositions<\/h2>\n\n\n\n<p>Lors de notre r\u00e9union publique du 05 mars dans un cahier, par vos prises de paroles, par vos messages sur les r\u00e9seaux, vous nous avez adress\u00e9 <mark style=\"background-color:rgba(0, 0, 0, 0);color:#fcb900\" class=\"has-inline-color\">vos attentes<\/mark>. Nous y avons travaill\u00e9 <mark style=\"background-color:rgba(0, 0, 0, 0)\" class=\"has-inline-color has-raft-accent-color\">collectivement <\/mark>pour vous apporter <mark style=\"background-color:rgba(0, 0, 0, 0)\" class=\"has-inline-color has-raft-accent-color\">ces propositions<\/mark>.<\/p>\n\n\n\n<p>Tel est le sens de notre engagement : <mark style=\"background-color:rgba(0, 0, 0, 0)\" class=\"has-inline-color has-raft-accent-color\">AVEC VOUS, POUR VOUS<\/mark>.<\/p>\n\n\n\n<p>Vous trouverez ce document en cliquant \u27a1\ufe0f <a href=\"https:\/\/www.avecvouspourvous.org\/wp-content\/uploads\/2026\/03\/Attentes-et-propositions.pdf\" target=\"_blank\" rel=\"noreferrer noopener\"><mark style=\"background-color:rgba(0, 0, 0, 0)\" class=\"has-inline-color has-raft-accent-color\">ici <\/mark><\/a>\u2b05\ufe0f, sur l\u2019ic\u00f4ne ou l\u2019image ci-dessous.<\/p>\n\n\n\n<figure class=\"wp-block-image size-full is-resized\"><a href=\"https:\/\/www.avecvouspourvous.org\/wp-content\/uploads\/2026\/03\/Attentes-et-propositions.pdf\" target=\"_blank\" rel=\" noreferrer noopener\"><img loading=\"lazy\" decoding=\"async\" width=\"512\" height=\"512\" src=\"https:\/\/www.avecvouspourvous.org\/wp-content\/uploads\/2026\/03\/pdf.png\" alt=\"\" class=\"wp-image-165\" style=\"width:63px;height:auto\" srcset=\"https:\/\/www.avecvouspourvous.org\/wp-content\/uploads\/2026\/03\/pdf.png 512w, https:\/\/www.avecvouspourvous.org\/wp-content\/uploads\/2026\/03\/pdf-300x300.png 300w, https:\/\/www.avecvouspourvous.org\/wp-content\/uploads\/2026\/03\/pdf-150x150.png 150w\" sizes=\"auto, (max-width: 512px) 100vw, 512px\" \/><\/a><\/figure>\n\n\n\n<figure class=\"wp-block-image size-full\"><a href=\"https:\/\/www.avecvouspourvous.org\/wp-content\/uploads\/2026\/03\/Attentes-et-propositions.pdf\" target=\"_blank\" rel=\" noreferrer noopener\"><img loading=\"lazy\" decoding=\"async\" width=\"940\" height=\"788\" src=\"https:\/\/www.avecvouspourvous.org\/wp-content\/uploads\/2026\/03\/attentes-et-propositions.png\" alt=\"\" class=\"wp-image-162\" srcset=\"https:\/\/www.avecvouspourvous.org\/wp-content\/uploads\/2026\/03\/attentes-et-propositions.png 940w, https:\/\/www.avecvouspourvous.org\/wp-content\/uploads\/2026\/03\/attentes-et-propositions-300x251.png 300w, https:\/\/www.avecvouspourvous.org\/wp-content\/uploads\/2026\/03\/attentes-et-propositions-768x644.png 768w\" sizes=\"auto, (max-width: 940px) 100vw, 940px\" \/><\/a><\/figure>\n\n\n\n<figure class=\"wp-block-image size-large\"><a href=\"https:\/\/www.avecvouspourvous.org\/wp-content\/uploads\/2026\/03\/Attentes-et-propositions.pdf\" target=\"_blank\" rel=\" noreferrer noopener\"><img loading=\"lazy\" decoding=\"async\" width=\"724\" height=\"1024\" src=\"https:\/\/www.avecvouspourvous.org\/wp-content\/uploads\/2026\/03\/Attentes-et-propositions-1-724x1024.png\" alt=\"\" class=\"wp-image-177\" srcset=\"https:\/\/www.avecvouspourvous.org\/wp-content\/uploads\/2026\/03\/Attentes-et-propositions-1-724x1024.png 724w, https:\/\/www.avecvouspourvous.org\/wp-content\/uploads\/2026\/03\/Attentes-et-propositions-1-212x300.png 212w, https:\/\/www.avecvouspourvous.org\/wp-content\/uploads\/2026\/03\/Attentes-et-propositions-1-768x1086.png 768w, https:\/\/www.avecvouspourvous.org\/wp-content\/uploads\/2026\/03\/Attentes-et-propositions-1-1086x1536.png 1086w, https:\/\/www.avecvouspourvous.org\/wp-content\/uploads\/2026\/03\/Attentes-et-propositions-1-1448x2048.png 1448w, https:\/\/www.avecvouspourvous.org\/wp-content\/uploads\/2026\/03\/Attentes-et-propositions-1-scaled.png 1811w\" sizes=\"auto, (max-width: 724px) 100vw, 724px\" \/><\/a><\/figure>\n\n\n\n<figure class=\"wp-block-image size-large is-resized\"><img loading=\"lazy\" decoding=\"async\" width=\"724\" height=\"1024\" src=\"https:\/\/www.avecvouspourvous.org\/wp-content\/uploads\/2026\/03\/Attentes-et-propositions-2-724x1024.png\" alt=\"\" class=\"wp-image-178\" style=\"width:724px;height:auto\" srcset=\"https:\/\/www.avecvouspourvous.org\/wp-content\/uploads\/2026\/03\/Attentes-et-propositions-2-724x1024.png 724w, https:\/\/www.avecvouspourvous.org\/wp-content\/uploads\/2026\/03\/Attentes-et-propositions-2-212x300.png 212w, https:\/\/www.avecvouspourvous.org\/wp-content\/uploads\/2026\/03\/Attentes-et-propositions-2-768x1086.png 768w, https:\/\/www.avecvouspourvous.org\/wp-content\/uploads\/2026\/03\/Attentes-et-propositions-2-1086x1536.png 1086w, https:\/\/www.avecvouspourvous.org\/wp-content\/uploads\/2026\/03\/Attentes-et-propositions-2-1448x2048.png 1448w, https:\/\/www.avecvouspourvous.org\/wp-content\/uploads\/2026\/03\/Attentes-et-propositions-2-scaled.png 1811w\" sizes=\"auto, (max-width: 724px) 100vw, 724px\" \/><\/figure>\n\n\n\n<figure class=\"wp-block-image size-large\"><img loading=\"lazy\" decoding=\"async\" width=\"724\" height=\"1024\" src=\"https:\/\/www.avecvouspourvous.org\/wp-content\/uploads\/2026\/03\/Attentes-et-propositions-3-724x1024.png\" alt=\"\" class=\"wp-image-179\" srcset=\"https:\/\/www.avecvouspourvous.org\/wp-content\/uploads\/2026\/03\/Attentes-et-propositions-3-724x1024.png 724w, https:\/\/www.avecvouspourvous.org\/wp-content\/uploads\/2026\/03\/Attentes-et-propositions-3-212x300.png 212w, https:\/\/www.avecvouspourvous.org\/wp-content\/uploads\/2026\/03\/Attentes-et-propositions-3-768x1086.png 768w, https:\/\/www.avecvouspourvous.org\/wp-content\/uploads\/2026\/03\/Attentes-et-propositions-3-1086x1536.png 1086w, https:\/\/www.avecvouspourvous.org\/wp-content\/uploads\/2026\/03\/Attentes-et-propositions-3-1448x2048.png 1448w, https:\/\/www.avecvouspourvous.org\/wp-content\/uploads\/2026\/03\/Attentes-et-propositions-3-scaled.png 1811w\" sizes=\"auto, (max-width: 724px) 100vw, 724px\" \/><\/figure>\n\n\n\n<figure class=\"wp-block-image size-large\"><img loading=\"lazy\" decoding=\"async\" width=\"724\" height=\"1024\" src=\"https:\/\/www.avecvouspourvous.org\/wp-content\/uploads\/2026\/03\/Attentes-et-propositions-4-724x1024.png\" alt=\"\" class=\"wp-image-181\" srcset=\"https:\/\/www.avecvouspourvous.org\/wp-content\/uploads\/2026\/03\/Attentes-et-propositions-4-724x1024.png 724w, https:\/\/www.avecvouspourvous.org\/wp-content\/uploads\/2026\/03\/Attentes-et-propositions-4-212x300.png 212w, https:\/\/www.avecvouspourvous.org\/wp-content\/uploads\/2026\/03\/Attentes-et-propositions-4-768x1086.png 768w, https:\/\/www.avecvouspourvous.org\/wp-content\/uploads\/2026\/03\/Attentes-et-propositions-4-1086x1536.png 1086w, https:\/\/www.avecvouspourvous.org\/wp-content\/uploads\/2026\/03\/Attentes-et-propositions-4-1448x2048.png 1448w, https:\/\/www.avecvouspourvous.org\/wp-content\/uploads\/2026\/03\/Attentes-et-propositions-4-scaled.png 1811w\" sizes=\"auto, (max-width: 724px) 100vw, 724px\" \/><\/figure>\n\n\n\n<hr class=\"wp-block-separator has-alpha-channel-opacity\"\/>\n\n\n\n<h2 class=\"wp-block-heading\">Nos 4\ufe0f\u20e3 axes<\/h2>\n\n\n\n<figure class=\"wp-block-image size-full\"><img loading=\"lazy\" decoding=\"async\" width=\"940\" height=\"788\" src=\"https:\/\/www.avecvouspourvous.org\/wp-content\/uploads\/2026\/03\/18.png\" alt=\"\" class=\"wp-image-172\" srcset=\"https:\/\/www.avecvouspourvous.org\/wp-content\/uploads\/2026\/03\/18.png 940w, https:\/\/www.avecvouspourvous.org\/wp-content\/uploads\/2026\/03\/18-300x251.png 300w, https:\/\/www.avecvouspourvous.org\/wp-content\/uploads\/2026\/03\/18-768x644.png 768w\" sizes=\"auto, (max-width: 940px) 100vw, 940px\" \/><\/figure>\n\n\n\n<figure class=\"wp-block-image size-full\"><img loading=\"lazy\" decoding=\"async\" width=\"940\" height=\"788\" src=\"https:\/\/www.avecvouspourvous.org\/wp-content\/uploads\/2026\/03\/19.png\" alt=\"\" class=\"wp-image-173\" srcset=\"https:\/\/www.avecvouspourvous.org\/wp-content\/uploads\/2026\/03\/19.png 940w, https:\/\/www.avecvouspourvous.org\/wp-content\/uploads\/2026\/03\/19-300x251.png 300w, https:\/\/www.avecvouspourvous.org\/wp-content\/uploads\/2026\/03\/19-768x644.png 768w\" sizes=\"auto, (max-width: 940px) 100vw, 940px\" \/><\/figure>\n\n\n\n<figure class=\"wp-block-image size-full\"><img loading=\"lazy\" decoding=\"async\" width=\"940\" height=\"788\" src=\"https:\/\/www.avecvouspourvous.org\/wp-content\/uploads\/2026\/03\/20.png\" alt=\"\" class=\"wp-image-174\" srcset=\"https:\/\/www.avecvouspourvous.org\/wp-content\/uploads\/2026\/03\/20.png 940w, https:\/\/www.avecvouspourvous.org\/wp-content\/uploads\/2026\/03\/20-300x251.png 300w, https:\/\/www.avecvouspourvous.org\/wp-content\/uploads\/2026\/03\/20-768x644.png 768w\" sizes=\"auto, (max-width: 940px) 100vw, 940px\" \/><\/figure>\n\n\n\n<figure class=\"wp-block-image size-full\"><img loading=\"lazy\" decoding=\"async\" width=\"940\" height=\"788\" src=\"https:\/\/www.avecvouspourvous.org\/wp-content\/uploads\/2026\/03\/21.png\" alt=\"\" class=\"wp-image-175\" srcset=\"https:\/\/www.avecvouspourvous.org\/wp-content\/uploads\/2026\/03\/21.png 940w, https:\/\/www.avecvouspourvous.org\/wp-content\/uploads\/2026\/03\/21-300x251.png 300w, https:\/\/www.avecvouspourvous.org\/wp-content\/uploads\/2026\/03\/21-768x644.png 768w\" sizes=\"auto, (max-width: 940px) 100vw, 940px\" \/><\/figure>\n","protected":false},"excerpt":{"rendered":"<p>Notre promesse Vos attentes &amp; nos propositions Lors de notre r\u00e9union publique du 05 mars dans un cahier, par vos prises de paroles, par vos messages sur les r\u00e9seaux, vous nous avez adress\u00e9 vos attentes. Nous y avons travaill\u00e9 collectivement pour vous apporter ces propositions. Tel est le sens de notre engagement : AVEC VOUS, [&hellip;]<\/p>\n","protected":false},"author":2,"featured_media":0,"parent":0,"menu_order":0,"comment_status":"closed","ping_status":"closed","template":"","meta":{"_themeisle_gutenberg_block_has_review":false,"footnotes":""},"class_list":["post-115","page","type-page","status-publish","hentry"],"_links":{"self":[{"href":"https:\/\/www.avecvouspourvous.org\/index.php?rest_route=\/wp\/v2\/pages\/115","targetHints":{"allow":["GET"]}}],"collection":[{"href":"https:\/\/www.avecvouspourvous.org\/index.php?rest_route=\/wp\/v2\/pages"}],"about":[{"href":"https:\/\/www.avecvouspourvous.org\/index.php?rest_route=\/wp\/v2\/types\/page"}],"author":[{"embeddable":true,"href":"https:\/\/www.avecvouspourvous.org\/index.php?rest_route=\/wp\/v2\/users\/2"}],"replies":[{"embeddable":true,"href":"https:\/\/www.avecvouspourvous.org\/index.php?rest_route=%2Fwp%2Fv2%2Fcomments&post=115"}],"version-history":[{"count":6,"href":"https:\/\/www.avecvouspourvous.org\/index.php?rest_route=\/wp\/v2\/pages\/115\/revisions"}],"predecessor-version":[{"id":182,"href":"https:\/\/www.avecvouspourvous.org\/index.php?rest_route=\/wp\/v2\/pages\/115\/revisions\/182"}],"wp:attachment":[{"href":"https:\/\/www.avecvouspourvous.org\/index.php?rest_route=%2Fwp%2Fv2%2Fmedia&parent=115"}],"curies":[{"name":"wp","href":"https:\/\/api.w.org\/{rel}","templated":true}]}}