{"id":22,"date":"2026-02-28T15:22:26","date_gmt":"2026-02-28T15:22:26","guid":{"rendered":"http:\/\/avecvouspourvous.org\/?page_id=22"},"modified":"2026-03-16T19:50:16","modified_gmt":"2026-03-16T18:50:16","slug":"accueil","status":"publish","type":"page","link":"https:\/\/www.avecvouspourvous.org\/","title":{"rendered":"Accueil"},"content":{"rendered":"\n<h2 class=\"wp-block-heading\">Les r\u00e9sultats du 1er (et seul) tour<\/h2>\n\n\n\n<figure class=\"wp-block-table\"><table class=\"has-fixed-layout\"><thead><tr><th>Listes candidates<\/th><th>Conduite par<\/th><th>Voix<\/th><th>% Inscrits<\/th><th>% Exprim\u00e9s<\/th><th>Si\u00e8ges<\/th><\/tr><\/thead><tbody><tr><td><a href=\"https:\/\/www.resultats-elections.interieur.gouv.fr\/municipales2026\/ensemble_geographique\/44\/67\/67473\/rappel_candidature\/1\/1.html\">Avec vous, pour vous<\/a><\/td><td>M. Alain VON WIEDNER<\/td><td>376<\/td><td>49,87<\/td><td><mark style=\"background-color:rgba(0, 0, 0, 0)\" class=\"has-inline-color has-raft-accent-color\">72,45<\/mark><\/td><td><mark style=\"background-color:rgba(0, 0, 0, 0)\" class=\"has-inline-color has-raft-accent-color\">13<\/mark><\/td><\/tr><tr><td><a href=\"https:\/\/www.resultats-elections.interieur.gouv.fr\/municipales2026\/ensemble_geographique\/44\/67\/67473\/rappel_candidature\/1\/2.html\">A vos c\u00f4t\u00e9s, engag\u00e9s pour Soultz-les-Bains<\/a><\/td><td>M. Guy SCHMITT<\/td><td>143<\/td><td>18,97<\/td><td>27,55<\/td><td>2<\/td><\/tr><\/tbody><\/table><\/figure>\n\n\n\n<hr class=\"wp-block-separator has-alpha-channel-opacity\"\/>\n\n\n\n<h2 class=\"wp-block-heading\">\ud83c\udf89Merci Soultz-Les-Bains \u2757<\/h2>\n\n\n\n<p>Cette victoire est avant tout celle de notre village.<\/p>\n\n\n\n<p>Elle r\u00e9compense une d\u00e9marche fond\u00e9e sur la transparence, le travail d\u2019\u00e9quipe et le dialogue avec chacun d\u2019entre vous.<\/p>\n\n\n\n<p>Tout au long de cette campagne, vos \u00e9changes, vos id\u00e9es et votre engagement ont \u00e9t\u00e9 pr\u00e9cieux. Vous avez donn\u00e9 du sens \u00e0 chaque rencontre, \u00e0 chaque porte ouverte, \u00e0 chaque moment partag\u00e9.<\/p>\n\n\n\n<p><img loading=\"lazy\" decoding=\"async\" height=\"16\" width=\"16\" alt=\"\ud83e\udd1d\" src=\"https:\/\/static.xx.fbcdn.net\/images\/emoji.php\/v9\/t64\/1\/16\/1f91d.png\"> Avec vous, pour vous, nous continuerons \u00e0 avancer, avec la m\u00eame \u00e9nergie, la m\u00eame \u00e9coute et la m\u00eame volont\u00e9 de faire grandir Soultz-les-Bains.<\/p>\n\n\n\n<p>Merci pour votre confiance.<\/p>\n\n\n\n<figure class=\"wp-block-image size-full\"><img loading=\"lazy\" decoding=\"async\" width=\"940\" height=\"788\" src=\"https:\/\/www.avecvouspourvous.org\/wp-content\/uploads\/2026\/03\/Carte-evenement-sport-bleu-et-rose-avec-motifs.png\" alt=\"\" class=\"wp-image-187\" srcset=\"https:\/\/www.avecvouspourvous.org\/wp-content\/uploads\/2026\/03\/Carte-evenement-sport-bleu-et-rose-avec-motifs.png 940w, https:\/\/www.avecvouspourvous.org\/wp-content\/uploads\/2026\/03\/Carte-evenement-sport-bleu-et-rose-avec-motifs-300x251.png 300w, https:\/\/www.avecvouspourvous.org\/wp-content\/uploads\/2026\/03\/Carte-evenement-sport-bleu-et-rose-avec-motifs-768x644.png 768w\" sizes=\"auto, (max-width: 940px) 100vw, 940px\" \/><\/figure>\n\n\n\n<h2 class=\"wp-block-heading\">Composition de la nouvelle assembl\u00e9e<\/h2>\n\n\n\n<figure class=\"wp-block-table\"><table class=\"has-fixed-layout\"><thead><tr><th class=\"has-text-align-left\" data-align=\"left\">Elus<\/th><th>Liste d&rsquo;appartenance<\/th><\/tr><\/thead><tbody><tr><th class=\"has-text-align-left\" data-align=\"left\">M. Alain VON WIEDNER<\/th><td>Avec vous, pour vous<\/td><\/tr><tr><th class=\"has-text-align-left\" data-align=\"left\">Mme Charlotte GANGLOFF<\/th><td>Avec vous, pour vous<\/td><\/tr><tr><th class=\"has-text-align-left\" data-align=\"left\">M. Nicolas WEBER<\/th><td>Avec vous, pour vous<\/td><\/tr><tr><th class=\"has-text-align-left\" data-align=\"left\">Mme Barbara BILGER<\/th><td>Avec vous, pour vous<\/td><\/tr><tr><th class=\"has-text-align-left\" data-align=\"left\">M. Michel WILT<\/th><td>Avec vous, pour vous<\/td><\/tr><tr><th class=\"has-text-align-left\" data-align=\"left\">Mme Dominique KOBI<\/th><td>Avec vous, pour vous<\/td><\/tr><tr><th class=\"has-text-align-left\" data-align=\"left\">M. Alexis FARNER<\/th><td>Avec vous, pour vous<\/td><\/tr><tr><th class=\"has-text-align-left\" data-align=\"left\">Mme St\u00e9phanie JUNG<\/th><td>Avec vous, pour vous<\/td><\/tr><tr><th class=\"has-text-align-left\" data-align=\"left\">M. St\u00e9phane JACOB<\/th><td>Avec vous, pour vous<\/td><\/tr><tr><th class=\"has-text-align-left\" data-align=\"left\">Mme Christelle BERST<\/th><td>Avec vous, pour vous<\/td><\/tr><tr><th class=\"has-text-align-left\" data-align=\"left\">M. Olivier SAINT-JOURS<\/th><td>Avec vous, pour vous<\/td><\/tr><tr><th class=\"has-text-align-left\" data-align=\"left\">Mme Cl\u00e9mence ZERR-SEVREE<\/th><td>Avec vous, pour vous<\/td><\/tr><tr><th class=\"has-text-align-left\" data-align=\"left\">M. St\u00e9phane EBERLING<\/th><td>Avec vous, pour vous<\/td><\/tr><tr><th class=\"has-text-align-left\" data-align=\"left\">M. Guy SCHMITT<\/th><td>A vos c\u00f4t\u00e9s, engag\u00e9s pour Soultz-les-Bains<\/td><\/tr><tr><th class=\"has-text-align-left\" data-align=\"left\">Mme Caroline CHAUVET<\/th><td>A vos c\u00f4t\u00e9s, engag\u00e9s pour Soultz-les-Bains<\/td><\/tr><\/tbody><\/table><\/figure>\n\n\n\n<hr class=\"wp-block-separator has-alpha-channel-opacity\"\/>\n\n\n\n<h2 class=\"wp-block-heading\">Conseil Municipal d&rsquo;installation<\/h2>\n\n\n\n<p>Le Conseil Municipal d&rsquo;installation se tiendra ce <mark style=\"background-color:rgba(0, 0, 0, 0)\" class=\"has-inline-color has-raft-accent-color\">vendredi 20 mars \u00e0 20h<\/mark> en salle de s\u00e9ance. Il est ouvert au public, vous pouvez venir y assister.<\/p>\n\n\n\n<p>Il sera pr\u00e9sid\u00e9 par le membre \u00e9lu le plus \u00e2g\u00e9, jusqu&rsquo;\u00e0 l&rsquo;\u00e9lection du maire. Ensuite, le maire fera d&rsquo;abord voter le nombre d&rsquo;adjoints, avant de faire proc\u00e9der au vote des adjoints en lui-m\u00eame.<\/p>\n\n\n\n<p><\/p>\n\n\n\n<p><\/p>\n","protected":false},"excerpt":{"rendered":"<p>Les r\u00e9sultats du 1er (et seul) tour Listes candidates Conduite par Voix % Inscrits % Exprim\u00e9s Si\u00e8ges Avec vous, pour vous M. Alain VON WIEDNER 376 49,87 72,45 13 A vos c\u00f4t\u00e9s, engag\u00e9s pour Soultz-les-Bains M. Guy SCHMITT 143 18,97 27,55 2 \ud83c\udf89Merci Soultz-Les-Bains \u2757 Cette victoire est avant tout celle de notre village. Elle [&hellip;]<\/p>\n","protected":false},"author":2,"featured_media":0,"parent":0,"menu_order":0,"comment_status":"closed","ping_status":"closed","template":"","meta":{"_themeisle_gutenberg_block_has_review":false,"footnotes":""},"class_list":["post-22","page","type-page","status-publish","hentry"],"_links":{"self":[{"href":"https:\/\/www.avecvouspourvous.org\/index.php?rest_route=\/wp\/v2\/pages\/22","targetHints":{"allow":["GET"]}}],"collection":[{"href":"https:\/\/www.avecvouspourvous.org\/index.php?rest_route=\/wp\/v2\/pages"}],"about":[{"href":"https:\/\/www.avecvouspourvous.org\/index.php?rest_route=\/wp\/v2\/types\/page"}],"author":[{"embeddable":true,"href":"https:\/\/www.avecvouspourvous.org\/index.php?rest_route=\/wp\/v2\/users\/2"}],"replies":[{"embeddable":true,"href":"https:\/\/www.avecvouspourvous.org\/index.php?rest_route=%2Fwp%2Fv2%2Fcomments&post=22"}],"version-history":[{"count":29,"href":"https:\/\/www.avecvouspourvous.org\/index.php?rest_route=\/wp\/v2\/pages\/22\/revisions"}],"predecessor-version":[{"id":188,"href":"https:\/\/www.avecvouspourvous.org\/index.php?rest_route=\/wp\/v2\/pages\/22\/revisions\/188"}],"wp:attachment":[{"href":"https:\/\/www.avecvouspourvous.org\/index.php?rest_route=%2Fwp%2Fv2%2Fmedia&parent=22"}],"curies":[{"name":"wp","href":"https:\/\/api.w.org\/{rel}","templated":true}]}}